{"id":3536,"date":"2026-01-08T21:47:17","date_gmt":"2026-01-08T20:47:17","guid":{"rendered":"https:\/\/aimotionevent.fr\/?post_type=product&#038;p=3536"},"modified":"2026-03-27T10:28:47","modified_gmt":"2026-03-27T09:28:47","slug":"voilage-rideau-satin","status":"publish","type":"product","link":"https:\/\/aimotionevent.fr\/index.php\/product\/voilage-rideau-satin\/","title":{"rendered":"Voilage Rideau Satin"},"content":{"rendered":"<h6>Voilage rideau satin blanc<\/h6>\n<h6>Voilage Rideaux suspendus en satin blanc 3x3M, pour arri\u00e8re-plan de f\u00eate, mariage, accessoires de d\u00e9coration<\/h6>\n<h6>Dimension 3mx3m :<\/h6>\n<h6>11 rideaux disponibles en location<\/h6>\n<h6 align=\"start\"><\/h6>\n","protected":false},"excerpt":{"rendered":"<h6>Voilage rideau satin blanc<\/h6>\n<h6>Voilage Rideaux suspendus en satin blanc 3x3M, pour arri\u00e8re-plan de f\u00eate, mariage, accessoires de d\u00e9coration<\/h6>\n<h6>Dimension 3mx3m :<\/h6>\n<h6>11 rideaux disponibles en location<\/h6>\n<p>&nbsp;<\/p>\n","protected":false},"featured_media":3539,"comment_status":"open","ping_status":"closed","template":"","meta":{"_eb_attr":"","om_disable_all_campaigns":false,"_monsterinsights_skip_tracking":false,"_monsterinsights_sitenote_active":false,"_monsterinsights_sitenote_note":"","_monsterinsights_sitenote_category":0,"_uf_show_specific_survey":0,"_uf_disable_surveys":false,"_themeisle_gutenberg_block_has_review":false},"product_brand":[],"product_cat":[58],"product_tag":[76,113,112],"class_list":{"0":"post-3536","1":"product","2":"type-product","3":"status-publish","4":"has-post-thumbnail","6":"product_cat-decoration","7":"product_tag-decoration","8":"product_tag-rideau","9":"product_tag-voilage","11":"first","12":"instock","13":"purchasable","14":"product-type-simple"},"aioseo_notices":[],"jetpack_sharing_enabled":true,"_links":{"self":[{"href":"https:\/\/aimotionevent.fr\/index.php\/wp-json\/wp\/v2\/product\/3536","targetHints":{"allow":["GET"]}}],"collection":[{"href":"https:\/\/aimotionevent.fr\/index.php\/wp-json\/wp\/v2\/product"}],"about":[{"href":"https:\/\/aimotionevent.fr\/index.php\/wp-json\/wp\/v2\/types\/product"}],"replies":[{"embeddable":true,"href":"https:\/\/aimotionevent.fr\/index.php\/wp-json\/wp\/v2\/comments?post=3536"}],"version-history":[{"count":1,"href":"https:\/\/aimotionevent.fr\/index.php\/wp-json\/wp\/v2\/product\/3536\/revisions"}],"predecessor-version":[{"id":3543,"href":"https:\/\/aimotionevent.fr\/index.php\/wp-json\/wp\/v2\/product\/3536\/revisions\/3543"}],"wp:featuredmedia":[{"embeddable":true,"href":"https:\/\/aimotionevent.fr\/index.php\/wp-json\/wp\/v2\/media\/3539"}],"wp:attachment":[{"href":"https:\/\/aimotionevent.fr\/index.php\/wp-json\/wp\/v2\/media?parent=3536"}],"wp:term":[{"taxonomy":"product_brand","embeddable":true,"href":"https:\/\/aimotionevent.fr\/index.php\/wp-json\/wp\/v2\/product_brand?post=3536"},{"taxonomy":"product_cat","embeddable":true,"href":"https:\/\/aimotionevent.fr\/index.php\/wp-json\/wp\/v2\/product_cat?post=3536"},{"taxonomy":"product_tag","embeddable":true,"href":"https:\/\/aimotionevent.fr\/index.php\/wp-json\/wp\/v2\/product_tag?post=3536"}],"curies":[{"name":"wp","href":"https:\/\/api.w.org\/{rel}","templated":true}]}}