{"id":3513,"date":"2026-01-08T17:25:25","date_gmt":"2026-01-08T16:25:25","guid":{"rendered":"https:\/\/aimotionevent.fr\/?post_type=product&#038;p=3513"},"modified":"2026-03-28T00:57:19","modified_gmt":"2026-03-27T23:57:19","slug":"cabine-telephonique-vintage","status":"publish","type":"product","link":"https:\/\/aimotionevent.fr\/index.php\/product\/cabine-telephonique-vintage\/","title":{"rendered":"Cabine T\u00e9l\u00e9phonique Vintage"},"content":{"rendered":"<p>Cabine t\u00e9l\u00e9phonique vintage \u00a0pour mariage;<\/p>\n<p>Pour y int\u00e9grer nos t\u00e9l\u00e9phones livres d\u2019or audio et vid\u00e9o.<\/p>\n<p>Un d\u00e9cor unique et une animation pour votre \u00e9v\u00e9nement<\/p>\n<h6><\/h6>\n","protected":false},"excerpt":{"rendered":"<h6>Cabine t\u00e9l\u00e9phonique vintage \u00a0pour mariage,<\/h6>\n<h6>pour y int\u00e9grer nos t\u00e9l\u00e9phones livres d\u2019or audio et vid\u00e9o.<\/h6>\n<h6>Un d\u00e9cor unique et une animation pour votre \u00e9v\u00e9nement<\/h6>\n<h6><\/h6>\n","protected":false},"featured_media":3124,"comment_status":"open","ping_status":"closed","template":"","meta":{"_eb_attr":"","om_disable_all_campaigns":false,"_monsterinsights_skip_tracking":false,"_monsterinsights_sitenote_active":false,"_monsterinsights_sitenote_note":"","_monsterinsights_sitenote_category":0,"_uf_show_specific_survey":0,"_uf_disable_surveys":false,"_themeisle_gutenberg_block_has_review":false},"product_brand":[],"product_cat":[58,49],"product_tag":[106,70,103,104],"class_list":{"0":"post-3513","1":"product","2":"type-product","3":"status-publish","4":"has-post-thumbnail","6":"product_cat-decoration","7":"product_cat-mobiler","8":"product_tag-cabine-telephonique","9":"product_tag-livre-dor","10":"product_tag-mobilier","11":"product_tag-table","13":"first","14":"instock","15":"purchasable","16":"product-type-simple"},"aioseo_notices":[],"jetpack_sharing_enabled":true,"_links":{"self":[{"href":"https:\/\/aimotionevent.fr\/index.php\/wp-json\/wp\/v2\/product\/3513","targetHints":{"allow":["GET"]}}],"collection":[{"href":"https:\/\/aimotionevent.fr\/index.php\/wp-json\/wp\/v2\/product"}],"about":[{"href":"https:\/\/aimotionevent.fr\/index.php\/wp-json\/wp\/v2\/types\/product"}],"replies":[{"embeddable":true,"href":"https:\/\/aimotionevent.fr\/index.php\/wp-json\/wp\/v2\/comments?post=3513"}],"version-history":[{"count":1,"href":"https:\/\/aimotionevent.fr\/index.php\/wp-json\/wp\/v2\/product\/3513\/revisions"}],"predecessor-version":[{"id":3514,"href":"https:\/\/aimotionevent.fr\/index.php\/wp-json\/wp\/v2\/product\/3513\/revisions\/3514"}],"wp:featuredmedia":[{"embeddable":true,"href":"https:\/\/aimotionevent.fr\/index.php\/wp-json\/wp\/v2\/media\/3124"}],"wp:attachment":[{"href":"https:\/\/aimotionevent.fr\/index.php\/wp-json\/wp\/v2\/media?parent=3513"}],"wp:term":[{"taxonomy":"product_brand","embeddable":true,"href":"https:\/\/aimotionevent.fr\/index.php\/wp-json\/wp\/v2\/product_brand?post=3513"},{"taxonomy":"product_cat","embeddable":true,"href":"https:\/\/aimotionevent.fr\/index.php\/wp-json\/wp\/v2\/product_cat?post=3513"},{"taxonomy":"product_tag","embeddable":true,"href":"https:\/\/aimotionevent.fr\/index.php\/wp-json\/wp\/v2\/product_tag?post=3513"}],"curies":[{"name":"wp","href":"https:\/\/api.w.org\/{rel}","templated":true}]}}