{"id":3437,"date":"2026-01-08T13:42:55","date_gmt":"2026-01-08T12:42:55","guid":{"rendered":"https:\/\/aimotionevent.fr\/?post_type=product&#038;p=3437"},"modified":"2026-02-09T11:27:03","modified_gmt":"2026-02-09T10:27:03","slug":"machineabrouillard","status":"publish","type":"product","link":"https:\/\/aimotionevent.fr\/index.php\/product\/machineabrouillard\/","title":{"rendered":"Machine \u00e0 brouillard et fum\u00e9e"},"content":{"rendered":"<ul class=\"a-unordered-list a-vertical a-spacing-mini\">\n<li class=\"a-spacing-mini\">\n<h6><span class=\"a-list-item\"> la machine \u00e0 brouillard portable permet une sortie de fum\u00e9e impressionnante avec 85m3 par minute. De quoi rapidement remplir une grande pi\u00e8ce et donner une dimension suppl\u00e9mentaire \u00e0 votre spectacle de lumi\u00e8re. <\/span><\/h6>\n<\/li>\n<li class=\"a-spacing-mini\">\n<h6><span class=\"a-list-item\">La machine \u00e0 brouillard est \u00e9quip\u00e9e d&rsquo;un ventilateur interne, ce qui permet de dissiper la fum\u00e9e pour cr\u00e9er une brume parfaite sans effet nuage. <\/span><\/h6>\n<\/li>\n<li class=\"a-spacing-mini\">\n<h6><span class=\"a-list-item\">MACHINE A BROUILLARD PUISSANTE : La machine \u00e0 brouillard \u00a0dispose d&rsquo;un tr\u00e8s important r\u00e9servoir . <\/span><\/h6>\n<\/li>\n<li class=\"a-spacing-mini\">\n<h6><span class=\"a-list-item\">Ce r\u00e9servoir cons\u00e9quent vous permettra d&rsquo;alimenter votre machine \u00e0 effets pendant toute une soir\u00e9e et diffus\u00e9 un superbe brouillard ! <\/span><\/h6>\n<\/li>\n<li class=\"a-spacing-mini\">\n<h6><span class=\"a-list-item\"><span class=\"a-list-item\">Que vous soyez un particulier cherchant \u00e0 cr\u00e9er une ambiance pour halloween, un DJ amateur ou un professionnel, cette machine \u00e0 brouillard puissante r\u00e9pondr<\/span><\/span><\/h6>\n<h6 class=\"fx-product-headline product-title__title\">Machine \u00e0 brouillard Stairville HF-900<\/h6>\n<ul class=\"fx-list product-text__list\">\n<li class=\"fx-list__item list-item fx-list__item--circle\">\n<h6><span class=\"fx-text fx-text--plus list-item__text\">Combine une machine \u00e0 brouillard et un hazer dans un seul appareil<\/span><\/h6>\n<\/li>\n<li class=\"fx-list__item list-item fx-list__item--circle\">\n<h6><span class=\"fx-text fx-text--plus list-item__text\">Puissance de chauffage de 800 Watt<\/span><\/h6>\n<\/li>\n<li class=\"fx-list__item list-item fx-list__item--circle\">\n<h6><span class=\"fx-text fx-text--plus list-item__text\">Ventilateur int\u00e9gr\u00e9<\/span><\/h6>\n<\/li>\n<li class=\"fx-list__item list-item fx-list__item--circle\">\n<h6><span class=\"fx-text fx-text--plus list-item__text\">Temps de pr\u00e9chauffage: environ 3 minutes<\/span><\/h6>\n<\/li>\n<li class=\"fx-list__item list-item fx-list__item--circle\">\n<h6><span class=\"fx-text fx-text--plus list-item__text\">Volume du r\u00e9servoir: 2 litres<\/span><\/h6>\n<\/li>\n<li class=\"fx-list__item list-item fx-list__item--circle\">\n<h6><span class=\"fx-text fx-text--plus list-item__text\">\u00c9cran LCD pour contr\u00f4ler l\u2019appareil<\/span><\/h6>\n<\/li>\n<li class=\"fx-list__item list-item fx-list__item--circle\">\n<h6><span class=\"fx-text fx-text--plus list-item__text\">Compatible DMX<\/span><\/h6>\n<\/li>\n<\/ul>\n<h6><\/h6>\n<\/li>\n<\/ul>\n","protected":false},"excerpt":{"rendered":"<div class=\"elementor-element elementor-element-308b1ce elementor-widget elementor-widget-text-editor\" data-id=\"308b1ce\" data-element_type=\"widget\" data-widget_type=\"text-editor.default\">\n<div id=\"qpeTitleTag_feature_div\" class=\"celwidget\" data-feature-name=\"qpeTitleTag\" data-csa-c-type=\"widget\" data-csa-c-content-id=\"qpeTitleTag\" data-csa-c-slot-id=\"qpeTitleTag_feature_div\" data-csa-c-asin=\"B0CPPXXRH9\" data-csa-c-is-in-initial-active-row=\"false\" data-cel-widget=\"qpeTitleTag_feature_div\" data-csa-c-id=\"lwt403-oeb0et-fuw8e0-eumzjg\">\n<h6 class=\"fx-product-headline product-title__title\">Machine \u00e0 brouillard Stairville HF-900<\/h6>\n<ul class=\"fx-list product-text__list\">\n<li class=\"fx-list__item list-item fx-list__item--circle\">\n<h6><span class=\"fx-text fx-text--plus list-item__text\">Combine une machine \u00e0 brouillard et un hazer dans un seul appareil<\/span><\/h6>\n<\/li>\n<li class=\"fx-list__item list-item fx-list__item--circle\">\n<h6><span class=\"fx-text fx-text--plus list-item__text\">Puissance de chauffage de 800 Watt<\/span><\/h6>\n<\/li>\n<li class=\"fx-list__item list-item fx-list__item--circle\">\n<h6><span class=\"fx-text fx-text--plus list-item__text\">Ventilateur int\u00e9gr\u00e9<\/span><\/h6>\n<\/li>\n<li class=\"fx-list__item list-item fx-list__item--circle\">\n<h6><span class=\"fx-text fx-text--plus list-item__text\">Temps de pr\u00e9chauffage: environ 3 minutes<\/span><\/h6>\n<\/li>\n<li class=\"fx-list__item list-item fx-list__item--circle\">\n<h6><span class=\"fx-text fx-text--plus list-item__text\">Volume du r\u00e9servoir: 2 litres<\/span><\/h6>\n<\/li>\n<li class=\"fx-list__item list-item fx-list__item--circle\">\n<h6><span class=\"fx-text fx-text--plus list-item__text\">\u00c9cran LCD pour contr\u00f4ler l\u2019appareil<\/span><\/h6>\n<\/li>\n<li class=\"fx-list__item list-item fx-list__item--circle\">\n<h6><span class=\"fx-text fx-text--plus list-item__text\">Compatible DMX<\/span><\/h6>\n<\/li>\n<\/ul>\n<\/div>\n<\/div>\n","protected":false},"featured_media":3441,"comment_status":"open","ping_status":"closed","template":"","meta":{"_eb_attr":"","om_disable_all_campaigns":false,"_monsterinsights_skip_tracking":false,"_monsterinsights_sitenote_active":false,"_monsterinsights_sitenote_note":"","_monsterinsights_sitenote_category":0,"_uf_show_specific_survey":0,"_uf_disable_surveys":false,"_themeisle_gutenberg_block_has_review":false},"product_brand":[],"product_cat":[57,59],"product_tag":[62,86,94,84,95],"class_list":{"0":"post-3437","1":"product","2":"type-product","3":"status-publish","4":"has-post-thumbnail","6":"product_cat-animation-interactive","7":"product_cat-machine-a-effet","8":"product_tag-animation-interactive","9":"product_tag-brouillard","10":"product_tag-machine-a-brouillard","11":"product_tag-machine-a-effets","12":"product_tag-machine-a-fumee","14":"first","15":"instock","16":"purchasable","17":"product-type-simple"},"aioseo_notices":[],"jetpack_sharing_enabled":true,"_links":{"self":[{"href":"https:\/\/aimotionevent.fr\/index.php\/wp-json\/wp\/v2\/product\/3437","targetHints":{"allow":["GET"]}}],"collection":[{"href":"https:\/\/aimotionevent.fr\/index.php\/wp-json\/wp\/v2\/product"}],"about":[{"href":"https:\/\/aimotionevent.fr\/index.php\/wp-json\/wp\/v2\/types\/product"}],"replies":[{"embeddable":true,"href":"https:\/\/aimotionevent.fr\/index.php\/wp-json\/wp\/v2\/comments?post=3437"}],"version-history":[{"count":3,"href":"https:\/\/aimotionevent.fr\/index.php\/wp-json\/wp\/v2\/product\/3437\/revisions"}],"predecessor-version":[{"id":3479,"href":"https:\/\/aimotionevent.fr\/index.php\/wp-json\/wp\/v2\/product\/3437\/revisions\/3479"}],"wp:featuredmedia":[{"embeddable":true,"href":"https:\/\/aimotionevent.fr\/index.php\/wp-json\/wp\/v2\/media\/3441"}],"wp:attachment":[{"href":"https:\/\/aimotionevent.fr\/index.php\/wp-json\/wp\/v2\/media?parent=3437"}],"wp:term":[{"taxonomy":"product_brand","embeddable":true,"href":"https:\/\/aimotionevent.fr\/index.php\/wp-json\/wp\/v2\/product_brand?post=3437"},{"taxonomy":"product_cat","embeddable":true,"href":"https:\/\/aimotionevent.fr\/index.php\/wp-json\/wp\/v2\/product_cat?post=3437"},{"taxonomy":"product_tag","embeddable":true,"href":"https:\/\/aimotionevent.fr\/index.php\/wp-json\/wp\/v2\/product_tag?post=3437"}],"curies":[{"name":"wp","href":"https:\/\/api.w.org\/{rel}","templated":true}]}}