{"id":3419,"date":"2026-01-07T18:17:53","date_gmt":"2026-01-07T17:17:53","guid":{"rendered":"https:\/\/aimotionevent.fr\/?post_type=product&#038;p=3419"},"modified":"2026-02-21T19:21:42","modified_gmt":"2026-02-21T18:21:42","slug":"machine-a-etincelles-froides","status":"publish","type":"product","link":"https:\/\/aimotionevent.fr\/index.php\/product\/machine-a-etincelles-froides\/","title":{"rendered":"Machine \u00e0 \u00e9tincelles froides"},"content":{"rendered":"<div class=\"carac\">\n<ul class=\"prod-features\">\n<li>\n<div><strong>Fontaines \u00e0 jets d\u2019\u00e9tincelles<\/strong> produit par des <strong>granul\u00e9s sp\u00e9cialement fabriqu\u00e9s<\/strong> pour une hauteur allant jusqu\u2019\u00e0 <strong>3 m\u00e8tres<\/strong><\/div>\n<\/li>\n<li>\n<div>Aucune mati\u00e8re dangereuse<\/div>\n<\/li>\n<li>\n<div><strong>Respectueux de l\u2019environnement<\/strong>, sans fum\u00e9e et sans odeur<\/div>\n<\/li>\n<li>\n<div><strong>\u00c9tincelles froides<\/strong> \u2013 compl\u00e8tement <strong>inoffensif<\/strong> pour les mat\u00e9riaux inflammables<\/div>\n<\/li>\n<li>\n<div>\n<p>Fonctionnement silencieux, <strong><strong>sans fum\u00e9e et sans odeur<\/strong><\/strong><\/p>\n<div class=\"elementor-element elementor-element-24b8944 elementor-widget elementor-widget-text-editor\" data-id=\"24b8944\" data-element_type=\"widget\" data-widget_type=\"text-editor.default\">\n<div id=\"qpeTitleTag_feature_div\" class=\"celwidget\" data-feature-name=\"qpeTitleTag\" data-csa-c-type=\"widget\" data-csa-c-content-id=\"qpeTitleTag\" data-csa-c-slot-id=\"qpeTitleTag_feature_div\" data-csa-c-asin=\"B0CPPXXRH9\" data-csa-c-is-in-initial-active-row=\"false\" data-cel-widget=\"qpeTitleTag_feature_div\" data-csa-c-id=\"lwt403-oeb0et-fuw8e0-eumzjg\">\n<div>\n<div>\n<div>\n<p>Fontaines \u00e0 jets d\u2019\u00e9tincelles froides sans odeur sans danger.<\/p>\n<p>Id\u00e9al pour mariage, ouverture de bal, pr\u00e9sentation g\u00e2teau, concert, lancement de voiture, inauguration, Evenement sportif etc\u2026<\/p>\n<p><strong>MACHINE A ETINCELLES<\/strong><\/p>\n<\/div>\n<\/div>\n<\/div>\n<\/div>\n<\/div>\n<div class=\"elementor-element elementor-element-94bcd1b elementor-widget__width-initial elementor-widget elementor-widget-text-editor\" data-id=\"94bcd1b\" data-element_type=\"widget\" data-widget_type=\"text-editor.default\">\n<div>\n<p>Un effet Wouah !<\/p>\n<\/div>\n<div>\n<p><strong>Plusieurs mod\u00e8les de machine : <\/strong><\/p>\n<p>Machines ONE SHOT et \u00a0Machines avec recharge plusieurs jets et hauteurs<\/p>\n<\/div>\n<\/div>\n<\/div>\n<\/li>\n<\/ul>\n<p>&nbsp;<\/p>\n<\/div>\n","protected":false},"excerpt":{"rendered":"<div class=\"short\">\n<div class=\"elementor-element elementor-element-24b8944 elementor-widget elementor-widget-text-editor\" data-id=\"24b8944\" data-element_type=\"widget\" data-widget_type=\"text-editor.default\">\n<div id=\"qpeTitleTag_feature_div\" class=\"celwidget\" data-feature-name=\"qpeTitleTag\" data-csa-c-type=\"widget\" data-csa-c-content-id=\"qpeTitleTag\" data-csa-c-slot-id=\"qpeTitleTag_feature_div\" data-csa-c-asin=\"B0CPPXXRH9\" data-csa-c-is-in-initial-active-row=\"false\" data-cel-widget=\"qpeTitleTag_feature_div\" data-csa-c-id=\"lwt403-oeb0et-fuw8e0-eumzjg\">\n<div>\n<div>\n<div>\n<p><strong>MACHINE A ETINCELLES<\/strong><\/p>\n<\/div>\n<\/div>\n<\/div>\n<\/div>\n<\/div>\n<div class=\"elementor-element elementor-element-94bcd1b elementor-widget__width-initial elementor-widget elementor-widget-text-editor\" data-id=\"94bcd1b\" data-element_type=\"widget\" data-widget_type=\"text-editor.default\">\n<div>\n<p>Un effet Wouah !<\/p>\n<p>Fontaines \u00e0 jets d\u2019\u00e9tincelles froides sans odeur sans danger.<\/p>\n<p>Id\u00e9al pour mariage, ouverture de bal, pr\u00e9sentation g\u00e2teau, concert, lancement de voiture, inauguration, Evenement sportif etc\u2026<\/p>\n<\/div>\n<div>\n<p><strong>Plusieurs mod\u00e8les de machine : <\/strong><\/p>\n<p>Machines ONE SHOT et \u00a0Machines avec recharge plusieurs jets et hauteurs<\/p>\n<\/div>\n<\/div>\n<\/div>\n","protected":false},"featured_media":2923,"comment_status":"open","ping_status":"closed","template":"","meta":{"_eb_attr":"","om_disable_all_campaigns":false,"_monsterinsights_skip_tracking":false,"_monsterinsights_sitenote_active":false,"_monsterinsights_sitenote_note":"","_monsterinsights_sitenote_category":0,"_uf_show_specific_survey":0,"_uf_disable_surveys":false,"_themeisle_gutenberg_block_has_review":false},"product_brand":[],"product_cat":[57,59],"product_tag":[62,90,91,89,84],"class_list":{"0":"post-3419","1":"product","2":"type-product","3":"status-publish","4":"has-post-thumbnail","6":"product_cat-animation-interactive","7":"product_cat-machine-a-effet","8":"product_tag-animation-interactive","9":"product_tag-etincelles","10":"product_tag-etincelles-froides","11":"product_tag-fontaine-etincelles","12":"product_tag-machine-a-effets","14":"first","15":"instock","16":"purchasable","17":"product-type-simple"},"aioseo_notices":[],"jetpack_sharing_enabled":true,"_links":{"self":[{"href":"https:\/\/aimotionevent.fr\/index.php\/wp-json\/wp\/v2\/product\/3419","targetHints":{"allow":["GET"]}}],"collection":[{"href":"https:\/\/aimotionevent.fr\/index.php\/wp-json\/wp\/v2\/product"}],"about":[{"href":"https:\/\/aimotionevent.fr\/index.php\/wp-json\/wp\/v2\/types\/product"}],"replies":[{"embeddable":true,"href":"https:\/\/aimotionevent.fr\/index.php\/wp-json\/wp\/v2\/comments?post=3419"}],"version-history":[{"count":2,"href":"https:\/\/aimotionevent.fr\/index.php\/wp-json\/wp\/v2\/product\/3419\/revisions"}],"predecessor-version":[{"id":3423,"href":"https:\/\/aimotionevent.fr\/index.php\/wp-json\/wp\/v2\/product\/3419\/revisions\/3423"}],"wp:featuredmedia":[{"embeddable":true,"href":"https:\/\/aimotionevent.fr\/index.php\/wp-json\/wp\/v2\/media\/2923"}],"wp:attachment":[{"href":"https:\/\/aimotionevent.fr\/index.php\/wp-json\/wp\/v2\/media?parent=3419"}],"wp:term":[{"taxonomy":"product_brand","embeddable":true,"href":"https:\/\/aimotionevent.fr\/index.php\/wp-json\/wp\/v2\/product_brand?post=3419"},{"taxonomy":"product_cat","embeddable":true,"href":"https:\/\/aimotionevent.fr\/index.php\/wp-json\/wp\/v2\/product_cat?post=3419"},{"taxonomy":"product_tag","embeddable":true,"href":"https:\/\/aimotionevent.fr\/index.php\/wp-json\/wp\/v2\/product_tag?post=3419"}],"curies":[{"name":"wp","href":"https:\/\/api.w.org\/{rel}","templated":true}]}}