{"id":3286,"date":"2026-01-06T00:27:04","date_gmt":"2026-01-05T23:27:04","guid":{"rendered":"https:\/\/aimotionevent.fr\/?post_type=product&#038;p=3286"},"modified":"2026-02-09T11:33:23","modified_gmt":"2026-02-09T10:33:23","slug":"videobooth360","status":"publish","type":"product","link":"https:\/\/aimotionevent.fr\/index.php\/product\/videobooth360\/","title":{"rendered":"Vid\u00e9obooth 360\u00b0 &#8211; Premium Pack"},"content":{"rendered":"<h6 class=\"p1\"><span class=\"s2\">Ce Videobooth 360 int\u00e8gre les derni\u00e8res technologies pour <strong>une exp\u00e9rience inoubliable<\/strong> :<\/span><\/h6>\n<ul>\n<li>\n<h6 class=\"p1\"><span class=\"s1\">Capacit\u00e9 d\u2019accueil jusqu\u2019\u00e0 <strong>5 personnes<\/strong><\/span><\/h6>\n<\/li>\n<li>\n<h6 class=\"p1\"><span class=\"s1\">Capteur vid\u00e9o Ultra HD 4K<\/span><\/h6>\n<\/li>\n<li>\n<h6 class=\"p1\"><span class=\"s1\">\u00c9clairage professionnel pour des rendus parfaits<\/span><\/h6>\n<\/li>\n<li>\n<h6 class=\"p1\"><span class=\"s1\">Options de <strong>personnalisation<\/strong> vari\u00e9es<\/span><\/h6>\n<\/li>\n<li>\n<h6 class=\"p1\"><span class=\"s1\">Logiciel de cr\u00e9ation vid\u00e9o Ultra HD<\/span><\/h6>\n<\/li>\n<li>\n<h6 class=\"p1\"><span class=\"s1\">Vitesse de <strong>rotation ajustable<\/strong><\/span><\/h6>\n<\/li>\n<li>\n<h6 class=\"p1\"><span class=\"s1\">\u00c9cran d\u2019accueil personnalisable<\/span><\/h6>\n<\/li>\n<li>\n<h6 class=\"p1\"><span class=\"s1\">Vid\u00e9os personnalisables avec <strong>filtres et musiques<\/strong> de fond<\/span><\/h6>\n<\/li>\n<li>\n<h6 class=\"p1\"><span class=\"s1\">Envoi des vid\u00e9os par Mail, SMS, QR Code, AirDrop<\/span><\/h6>\n<\/li>\n<li>\n<h6 class=\"p1\"><span class=\"s1\">Partage instantan\u00e9<strong> sur les r\u00e9seaux sociaux<\/strong><\/span><\/h6>\n<\/li>\n<li>\n<h6 class=\"p1\"><span class=\"s1\">Possibilit\u00e9 d\u2019int\u00e9grer des sondages ou enqu\u00eates<\/span><\/h6>\n<\/li>\n<li>\n<h6 class=\"p1\"><span class=\"s1\">T\u00e9l\u00e9chargement de toutes les vid\u00e9os sur <strong>une galerie priv\u00e9e<\/strong><\/span><\/h6>\n<\/li>\n<\/ul>\n","protected":false},"excerpt":{"rendered":"<div id=\"znJqYf\" class=\"text-box layout-element__component layout-element__component--GridTextBox\" data-v-4edbe80f=\"\" data-qa=\"gridtextbox:znjqyf\">\n<h5>PREMIUM PACK<\/h5>\n<h5 class=\"p1\"><strong><span class=\"s1\">Le Videobooth 360 : La technologie de pointe au service de vos \u00e9v\u00e9nements<\/span><\/strong><\/h5>\n<\/div>\n<p class=\"p3\"><span class=\"s2\">Cette <strong>animation immersive<\/strong> peut accueillir jusqu\u2019\u00e0 5 adultes <strong>simultan\u00e9ment<\/strong> et capture des vid\u00e9os sous tous les angles pour <strong>des souvenirs uniques<\/strong><\/span><\/p>\n<ul>\n<li><strong>Design vid\u00e9o<\/strong> <em>personnalis\u00e9\u00a0<\/em><\/li>\n<li>\n<p class=\"body\" dir=\"auto\"><strong>Vid\u00e9os num\u00e9riques illimit\u00e9es<\/strong> en ligne<\/p>\n<\/li>\n<li>\n<p class=\"body\" dir=\"auto\"><strong>Envois des vid\u00e9os<\/strong> par Mail SMS, QR Code, Airdrop,<\/p>\n<\/li>\n<li>\n<p class=\"body\" dir=\"auto\"><strong>D\u00e9cor <\/strong>: Potelets et tapis rouge<\/p>\n<\/li>\n<li>\n<p class=\"body\" dir=\"auto\"><strong>Accessoires vari\u00e9s\u00a0<\/strong><\/p>\n<\/li>\n<li>\n<p class=\"body\" dir=\"auto\"><strong>Livraison, installation et reprise<\/strong> (Gratuit 30km)<\/p>\n<\/li>\n<\/ul>\n<p>&nbsp;<\/p>\n","protected":false},"featured_media":3308,"comment_status":"open","ping_status":"closed","template":"","meta":{"_eb_attr":"","om_disable_all_campaigns":false,"_monsterinsights_skip_tracking":false,"_monsterinsights_sitenote_active":false,"_monsterinsights_sitenote_note":"","_monsterinsights_sitenote_category":0,"_uf_show_specific_survey":0,"_uf_disable_surveys":false,"_themeisle_gutenberg_block_has_review":false},"product_brand":[],"product_cat":[57,44],"product_tag":[62,63,65,61,64,66],"class_list":{"0":"post-3286","1":"product","2":"type-product","3":"status-publish","4":"has-post-thumbnail","6":"product_cat-animation-interactive","7":"product_cat-photobooth","8":"product_tag-animation-interactive","9":"product_tag-impression","10":"product_tag-photo","11":"product_tag-photobooth","12":"product_tag-selfie-photo","13":"product_tag-videobooth","15":"first","16":"instock","17":"sold-individually","18":"purchasable","19":"product-type-simple"},"aioseo_notices":[],"jetpack_sharing_enabled":true,"_links":{"self":[{"href":"https:\/\/aimotionevent.fr\/index.php\/wp-json\/wp\/v2\/product\/3286","targetHints":{"allow":["GET"]}}],"collection":[{"href":"https:\/\/aimotionevent.fr\/index.php\/wp-json\/wp\/v2\/product"}],"about":[{"href":"https:\/\/aimotionevent.fr\/index.php\/wp-json\/wp\/v2\/types\/product"}],"replies":[{"embeddable":true,"href":"https:\/\/aimotionevent.fr\/index.php\/wp-json\/wp\/v2\/comments?post=3286"}],"version-history":[{"count":4,"href":"https:\/\/aimotionevent.fr\/index.php\/wp-json\/wp\/v2\/product\/3286\/revisions"}],"predecessor-version":[{"id":3386,"href":"https:\/\/aimotionevent.fr\/index.php\/wp-json\/wp\/v2\/product\/3286\/revisions\/3386"}],"wp:featuredmedia":[{"embeddable":true,"href":"https:\/\/aimotionevent.fr\/index.php\/wp-json\/wp\/v2\/media\/3308"}],"wp:attachment":[{"href":"https:\/\/aimotionevent.fr\/index.php\/wp-json\/wp\/v2\/media?parent=3286"}],"wp:term":[{"taxonomy":"product_brand","embeddable":true,"href":"https:\/\/aimotionevent.fr\/index.php\/wp-json\/wp\/v2\/product_brand?post=3286"},{"taxonomy":"product_cat","embeddable":true,"href":"https:\/\/aimotionevent.fr\/index.php\/wp-json\/wp\/v2\/product_cat?post=3286"},{"taxonomy":"product_tag","embeddable":true,"href":"https:\/\/aimotionevent.fr\/index.php\/wp-json\/wp\/v2\/product_tag?post=3286"}],"curies":[{"name":"wp","href":"https:\/\/api.w.org\/{rel}","templated":true}]}}